 is -511222 (base 6) in base 3?
-2001112012
What is 503 (base 9) in base 12?
2a0
Convert 11221102 (base 3) to base 11.
2785
42136 (base 7) to base 11
7874
Convert 12 (base 7) to base 12.
9
-560 (base 8) to base 15
-198
Convert -1001 (base 8) to base 11.
-427
-22030201 (base 4) to base 3
-2010021201
-1711 (base 14) to base 3
-12200000
100200 (base 3) to base 14
149
What is -100010001111010 (base 2) in base 6?
-213054
67 (base 13) to base 11
78
Convert -10101001010101 (base 2) to base 13.
-4c18
b51 (base 15) to base 6
15451
What is 71002 (base 8) in base 6?
343042
What is 20442 (base 5) in base 12?
964
-d290 (base 15) to base 6
-541500
-14313 (base 9) to base 4
-2120010
3604 (base 9) to base 4
221311
Convert 4300 (base 14) to base 3.
120212022
Convert -333130 (base 4) to base 12.
-2424
Convert 2780 (base 14) to base 16.
1b3c
Convert 2703 (base 12) to base 10.
4467
What is 10001010010100 (base 2) in base 4?
2022110
What is 32566 (base 7) in base 11?
6169
3741 (base 8) to base 15
8e7
Convert 1041 (base 7) to base 10.
372
-bf2 (base 16) to base 3
-11012021
44044 (base 5) to base 3
11011000
-110010000111 (base 2) to base 13
-15c9
20210 (base 4) to base 7
1412
What is -1285a (base 11) in base 14?
-697a
What is -10000110110 (base 2) in base 8?
-2066
-1200211 (base 4) to base 13
-2a76
Convert 4da (base 14) to base 2.
1111010000
What is -474 (base 13) in base 5?
-11041
Convert -cc (base 14) to base 9.
-220
663 (base 8) to base 2
110110011
What is 4211 (base 5) in base 9?
677
What is 10012 (base 5) in base 12?
448
3a206 (base 11) to base 4
32002021
Convert 6453 (base 8) to base 14.
132b
Convert -838 (base 9) to base 4.
-22223
-32221 (base 9) to base 15
-64b7
-1111001001 (base 2) to base 12
-689
What is 1101010111 (base 2) in base 11?
708
Convert 1657 (base 13) to base 3.
11111121
Convert 70731 (base 8) to base 5.
1413040
20233 (base 5) to base 12
91a
Convert 34001 (base 6) to base 9.
6461
Convert a32 (base 12) to base 8.
2706
What is 370 (base 16) in base 10?
880
-210200110 (base 3) to base 8
-36677
Convert -3368 (base 10) to base 7.
-12551
-1034 (base 7) to base 3
-111122
What is 12200200 (base 4) in base 13?
c196
20303 (base 4) to base 5
4223
What is 604 (base 12) in base 9?
1164
Convert 21220 (base 4) to base 9.
754
What is -734 (base 12) in base 9?
-1384
What is 831 (base 10) in base 9?
1123
bb6 (base 16) to base 4
232312
Convert 16463 (base 9) to base 7.
44664
Convert -2349 (base 16) to base 9.
-13346
What is 74c (base 15) in base 6?
11343
Convert 5385 (base 10) to base 8.
12411
-2209a (base 14) to base 9
-135087
What is -6cbe (base 16) in base 9?
-42161
Convert -570 (base 8) to base 3.
-111221
What is 54520 (base 7) in base 9?
20631
Convert cd5 (base 14) to base 6.
15431
-436 (base 8) to base 14
-166
Convert -15b8 (base 15) to base 3.
-20102002
What is 2121 (base 8) in base 13?
670
-c16 (base 16) to base 5
-44334
Convert -642 (base 7) to base 8.
-504
Convert -21322 (base 4) to base 8.
-1172
200022112 (base 3) to base 10
13352
Convert -22c (base 13) to base 14.
-1cc
What is 405055 (base 6) in base 11?
22230
What is -97 (base 16) in base 12?
-107
What is 613 (base 8) in base 12?
28b
52581 (base 9) to base 15
a461
Convert -4223 (base 5) to base 2.
-1000110011
Convert -37d5 (base 16) to base 3.
-201121101
What is -210210 (base 3) in base 16?
-24c
Convert 231410 (base 5) to base 16.
20a3
Convert 13374 (base 11) to base 2.
100101010000110
-166505 (base 8) to base 3
-10002022200
782 (base 12) to base 14
590
111100001000 (base 2) to base 16
f08
Convert 1314 (base 7) to base 3.
200120
-544 (base 14) to base 9
-1375
Convert 1100010111010 (base 2) to base 16.
18ba
-6328 (base 14) to base 15
-50e3
Convert 4401 (base 5) to base 9.
737
211000220 (base 3) to base 5
1003222
What is 2202111 (base 3) in base 7?
5602
What is 7a (base 16) in base 4?
1322
What is -2032 (base 4) in base 10?
-142
Convert 533 (base 16) to base 8.
2463
296 (base 15) to base 2
1001001111
200010 (base 5) to base 12
3753
-355630 (base 7) to base 3
-10021102021
What is 14 (base 14) in base 2?
10010
Convert 45201 (base 6) to base 14.
2449
Convert -2304 (base 6) to base 10.
-544
What is 11002 (base 3) in base 6?
302
-34 (base 16) to base 2
-110100
What is 7136 (base 16) in base 13?
10265
What is -db2 (base 15) in base 8?
-6024
Convert 2467 (base 11) to base 16.
c93
-327 (base 12) to base 7
-1231
1318 (base 13) to base 11
2058
191d (base 14) to base 9
6188
What is -214001 (base 5) in base 14?
-298c
-6d1 (base 16) to base 4
-123101
Convert -a1 (base 15) to base 16.
-97
-395b (base 12) to base 16
-1997
4379 (base 15) to base 4
3133101
Convert -44ad (base 15) to base 10.
-14563
What is 23124 (base 8) in base 5?
303222
What is 330020 (base 4) in base 13?
19a0
Convert 3260 (base 8) to base 3.
2100102
Convert -e0b4 (base 16) to base 5.
-3320044
Convert -133 (base 9) to base 14.
-7d
113003 (base 4) to base 16
5c3
Convert -102122 (base 5) to base 6.
-23444
-2048 (base 9) to base 13
-8b7
Convert 1c2b (base 15) to base 4.
1133210
What is 7252 (base 14) in base 4?
10303120
What is 2334 (base 6) in base 16?
232
What is 15d (base 15) in base 4?
10321
What is 255 (base 10) in base 16?
ff
What is -44d5 (base 15) in base 9?
-22022
Convert -131611 (base 7) to base 12.
-12327
Convert 305 (base 7) to base 12.
108
-1043334 (base 5) to base 11
-12a74
10110100 (base 2) to base 14
cc
Convert -24393 (base 12) to base 16.
-bf1f
1100111010 (base 2) to base 11
691
What is -120221212 (base 3) in base 10?
-11633
What is -7299 (base 12) in base 11?
-9435
What is 17778 (base 11) in base 3?
1021010212
263 (base 13) to base 15
1ce
What is -a11b (base 15) in base 14?
-c569
971 (base 10) to base 5
12341
10201 (base 4) to base 11
243
51651 (base 7) to base 4
3012012
150 (base 8) to base 7
206
110102 (base 3) to base 4
11033
221010 (base 4) to base 8
5104
Convert 101011001110001 (base 2) to base 16.
5671
10100011101000 (base 2) to base 3
112100212
What is -12904 (base 10) in base 14?
-49ba
Convert -70b (base 13) to base 9.
-1566
Convert -1060 (base 9) to base 12.
-553
-5430 (base 6) to base 12
-876
-11011111010010 (base 2) to base 5
-424130
What is -7b16 (base 15) in base 12?
-13149
50736 (base 9) to base 10
33405
What is -21202 (base 4) in base 6?
-2454
What is 32182 (base 9) in base 10?
21296
Convert 1001100110010110 (base 2) to base 14.
10486
What is -2d8 (base 15) in base 6?
-3005
Convert 466 (base 9) to base 7.
1056
-100110111 (base 2) to base 11
-263
Convert 13057 (base 14) to base 16.
b685
What is -12023 (base 4) in base 8?
-613
What is -30a3 (base 16) in base 2?
-11000010100011
Convert 4217 (base 8) to base 13.
cc7
What is -4303 (base 5) in base 4?
-21002
What is -140444 (base 5) in base 6?
-42341
-10101 (base 4) to base 14
-157
41600 (base 8) to base 12
a000
What is 16b52 (base 13) in base 5?
2344134
What is 5a9 (base 13) in base 8?
1730
What is -588 (base 9) in base 14?
-269
Convert c4c (base 16) to base 13.
1582
Convert -c9ba (base 13) to base 5.
-1344123
What is 46 (base 15) in base 4?
1002
61 (base 14) to base 9
104
-3143 (base 6) to base 14
-38b
Convert -5324 (base 7) to base 8.
-3530
-3209 (base 12) to base 2
-1010101101001
What is -789 (base 15) in base 10?
-1704
-23a (base 16) to base 5
-4240
Convert -100111100100 (base 2) to base 15.
-b3c
-50013 (base 6) to base 14
-2517
Convert 3604 (base 8) to base 13.
b50
What is 1704 (base 10) in base 16?
6a8
What is -2924 (base 10) in base 8?
-5554
10233 (base 4) to base 12
213
c591 (base 13) to base 9
41433
Convert -422 (base 16) to base 2.
-10000100010
What is -8745 (base 9) in base 13?
-2c15
Convert -623 (base 8) to base 2.
-110010011
15203 (base 9) to base 12
6003
Convert -2103 (base 10) to base 4.
-200313
Convert 1260 (base 7) to base 3.
122220
What is 3d27 (base 14) in base 13?
4bcc
What is 1405 (base 11) in base 12?
1078
What is c5a (base 14) in base 16?
980
Convert 11022120 (base 3) to base 14.
120b
What is a (base 12) in base 13?
a
Convert -4 (base 7) to base 4.
-10
Convert -881d (base 16) to base 2.
-1000100000011101
What is 1549b (base 12) in base 16?
7577
10101211 (base 3) to base 11
1954
14452 (base 6) to base 9
3175
What is -5210 (base 8) in base 2?
-101010001000
What is 1132 (base 5) in base 12?
11b
What is 263364 (base 7) in base 13?
1954b
What is -6795 (b